2 + 8944 = 17*z. Is 42 a factor of z?
False
Suppose -5*b - 3*q = 16, -3*q + 24 = -4*b - 5. Let o(f) = -4*f**2 + 47. Let p(h) = -h**2 - 1. Let i(n) = b*p(n) + o(n). Does 14 divide i(0)?
False
Let c(d) = 30*d - 24. Let f be c(-6). Let h = f - -442. Does 28 divide h?
False
Is 24 a factor of (7 - (5 - 8)) + 917?
False
Let b(c) = -255*c**3 - c**2 + c + 1. Let l be b(-1). Suppose u - 5*o = 142, o + l = 2*u - 3*o. Is u a multiple of 18?
False
Let y(n) = -n**2 + 13*n - 20. Let j be y(6). Suppose j*v - 18*v - 188 = 0. Does 8 divide v?
False
Suppose 3*u + 6 = 4*y, y + 23 = 6*y + 4*u. Suppose y*d + 6 = 2*d. Let x(k) = -9*k - 26. Is x(d) a multiple of 9?
False
Let p = 24 - 22. Suppose 0 = 2*q - 8, p*q - 29 = -0*d - d. Is 7 a factor of d?
True
Let v = 321 - -77. Does 31 divide v?
False
Let q = 79 - 74. Let u = 31 - q. Is u a multiple of 5?
False
Let o(a) = -29*a**3 - 3*a**2 - a. Is o(-2) a multiple of 25?
False
Let q be (168/9)/(2/6). Suppose -l + q = -0*l. Suppose -u + 5*n = -l, -2*u = -3*n - 17 - 102. Is 20 a factor of u?
False
Let p(x) = -5*x + 2. Let b be p(-1). Suppose 3770 = -b*j + 2*j. Does 6 divide 1/(-8) + j/(-16)?
False
Let x = -2 + 4. Suppose -112 = x*s + 5*g, 0 = -4*s + s - 5*g - 158. Does 12 divide -1*(-1)/((-2)/s)?
False
Let m(d) = 5 - 6*d + 5 - 5 + 2. Let n be 1/2 - (-34)/(-4). Does 17 divide m(n)?
False
Let h = 62 - 57. Suppose q - h*o = 20, q = -q + o + 67. Is 7 a factor of q?
True
Let t(i) = 10*i**2 + 5*i + 5. Suppose 5*c - 6 = -21. Is t(c) a multiple of 10?
True
Suppose 0 = 477*u - 482*u + 135. Suppose 16 = -0*v - v. Let t = u + v. Does 8 divide t?
False
Suppose 2*n = 7*n + 2*b + 44, 4*n + b = -37. Let y(x) = -4*x - 16. Is y(n) a multiple of 16?
False
Suppose 0 = -0*w - w + 84. Suppose -4*u + u = -w. Is 4 a factor of u?
True
Let l = 2036 + -507. Is 26 a factor of l?
False
Suppose -2*q + n - 32 = 0, -4*q - q = 4*n + 106. Let h be (-11)/(-9) - (-4)/q. Does 16 divide h - (-2 + -45 - 0)?
True
Let o = -997 - -1418. Is o a multiple of 7?
False
Suppose 5*o = -38 - 92. Let u = o - -21. Let r(f) = 6*f**2 + 9*f - 5. Does 25 divide r(u)?
True
Let m = 25 + -5. Suppose -m = p - 3*p. Suppose 6 = -2*y + p. Is y a multiple of 2?
True
Let b(f) = 2*f**2 + 103*f - 35. Does 74 divide b(-57)?
True
Let j(x) = 3*x - 1. Suppose 2 = -0*o + 2*o. Let z be j(o). Suppose -3 - 15 = -z*s. Is 5 a factor of s?
False
Suppose -u - u + 86 = -d, -2*u + 98 = -4*d. Let k = -33 + u. Does 6 divide k?
False
Let h(f) = f**2 - 3*f + 3. Let l be h(2). Suppose 3*u - l - 14 = 0. Is 5 a factor of u?
True
Let d(c) = c. Let a(l) = -53*l - 72. Let y(b) = -a(b) + 4*d(b). Let f(k) = -7*k - 9. Let t(i) = 33*f(i) + 4*y(i). Does 11 divide t(-14)?
True
Let g(j) = 2*j**2 + 10*j + 9. Let f = -2 - 1. Let y(l) = -l**2 - 10*l - 9. Let n(k) = f*y(k) - 2*g(k). Does 9 divide n(10)?
True
Suppose 5*s + 2*w = 26, 2*w + 1 = -3. Let d be (-21)/2 - 3/s. Let m = -3 - d. Is m a multiple of 3?
False
Let u be -4 + 18/((-9)/(-3)). Suppose -2*w - 3*k - 2 = -k, 0 = 5*w + 4*k + u. Suppose 0 = w*n - 2 - 12. Is 4 a factor of n?
False
Does 7 divide 21/(8 + 1832/(-232))?
True
Let q be 9/(-15) + (-402)/5. Let n(l) = 18*l**2 + 2*l + 2. Let a be n(-3). Let c = a + q. Is c a multiple of 12?
False
Let s = 24 - 22. Suppose 0 = s*q + 2*q - 16. Is q even?
True
Let u = 252 - -972. Is 51 a factor of u?
True
Let a(o) = 2*o**3 - 4*o**2 + 17*o + 36. Does 27 divide a(10)?
False
Let s(r) be the third derivative of r**8/20160 + r**7/1680 - r**6/360 + r**5/20 - 7*r**2. Let p(h) be the third derivative of s(h). Is p(2) a multiple of 3?
False
Let w be 0/(3 - (4 - -2)). Suppose w = -p + 4*p - 9. Suppose p*a - 46 = 17. Is 21 a factor of a?
True
Let k = -192 - -56. Let c = -82 - k. Let x = -37 + c. Is 17 a factor of x?
True
Let j = 19 - 15. Let w = j + -4. Suppose -2*o - 5*s = -0*o - 115, 4*o - 5*s - 155 = w. Is o a multiple of 15?
True
Does 13 divide (299/184*-4)/(2/(-28))?
True
Let f be 1124/(-32) - 2 - 2/(-16). Let t = f + 61. Is 2 a factor of t?
True
Suppose -h + 5*h - 12 = 0. Suppose -2*k - h*k + 20 = 0. Suppose -3*p + 3*b + 126 = 4*b, k*p = b + 161. Is 11 a factor of p?
False
Suppose 68 = 6*o + 14. Suppose 724 + 572 = o*b. Is 36 a factor of b?
True
Does 81 divide (-2 + -589)*182/(-39)?
False
Let h(s) = 17*s**2 + 5*s - 12. Let f be h(8). Suppose 5*g - 20 = -0*g, -5*c - 4*g = -f. Suppose -5*z + 0*z = -c. Is z a multiple of 11?
True
Let l(o) = 145*o**3 + 2*o - 2. Let d be l(1). Let m = d - 74. Does 23 divide m?
False
Suppose 2*b - 29 = -111. Let s = 114 - b. Is s a multiple of 39?
False
Let m = 373 - -102. Does 55 divide m?
False
Let l = 371 - 356. Is l a multiple of 15?
True
Let t(d) = -d**3 + 2*d**2 + 2*d - 3. Let i be t(-2). Suppose -5*w + i = v - 49, 0 = 2*v - 4*w - 88. Does 16 divide v?
True
Let t = 3 - -1. Suppose 2*l + 18 = -2*o + 182, t*o = -4. Suppose -4*w = 2*n - 6*w - 54, 3*n = 5*w + l. Does 26 divide n?
True
Suppose -b - 2*l + 436 = 0, 0 = 3*b + 3*l + 322 - 1624. Is b a multiple of 12?
True
Let m(d) = 4*d**3 + 2*d - 4. Let w be m(2). Suppose 0 = 31*y - w*y + 36. Is y a multiple of 18?
True
Suppose 5*d + 15 = 8*d. Suppose d*w = 44 + 31. Is 15 a factor of w*2*12/8?
True
Is (168/(0 - -3))/((-16)/(-40)) a multiple of 4?
True
Let y(w) = -w**2 - 30*w + 36. Does 9 divide y(0)?
True
Suppose -33*t = 14*t - 15416. Is 53 a factor of t?
False
Suppose -k + 3 = 2*f, 2*k - k + 1 = 0. Suppose f*i + 9 = 5*i. Suppose r = -i*r + 72. Does 11 divide r?
False
Let x(u) be the second derivative of u**4/6 + u**3/3 + 2*u**2 + 8*u. Let g(m) be the first derivative of x(m). Does 11 divide g(5)?
True
Let d(u) = 5*u**2 - 20*u + 32. Does 18 divide d(9)?
False
Let g be -9*(248/(-6))/4. Suppose 4*n - g = x, -4*x + 0*n = -5*n + 361. Let o = -63 - x. Does 26 divide o?
True
Let m = 4 - -2. Suppose -6 = m*n - 9*n. Suppose n*z + 0*z = 44. Does 11 divide z?
True
Suppose -5*c - 4*h + 18 = 0, -4*c - 2*h = -5 - 7. Suppose -5*v = -c*v. Suppose v = -3*y + 4 + 5. Is y a multiple of 3?
True
Let i = 493 - -227. Is 29 a factor of i?
False
Does 4 divide 18/63 + 7690/35?
True
Suppose 2*m - 1 - 1 = 0, -4*k = 2*m - 3042. Does 40 divide k?
True
Let n = -2 - -5. Let k(p) = 6*p**2 - 6*p + 1. Let x(o) = 6*o**2 - 5*o. Let q(j) = n*x(j) - 2*k(j). Is q(-2) a multiple of 18?
False
Suppose r = 4*r - 141. Let y be 1/4 + (-45)/(-12). Suppose 20 = 5*x - 4*x - 5*d, -x + r = y*d. Is x a multiple of 8?
False
Suppose -63*o + 70*o - 315 = 0. Is 9 a factor of o?
True
Let g(w) = w**3 - w**2 - 2*w. Let l be g(0). Suppose l = 42*j - 44*j + 196. Is 23 a factor of j?
False
Let k = -61 - -54. Let l(x) = x**2 + 6*x + 2. Is 5 a factor of l(k)?
False
Let n be (-4)/12 + 106/3. Suppose -5*t + 700 = n. Is 16 a factor of t?
False
Let f(v) = -3*v + 2*v + 2*v + 1. Let a be f(3). Suppose 35 = a*s + 3. Is 8 a factor of s?
True
Suppose 4*f = 4, 5*r + f = -5*f + 106. Does 5 divide r?
True
Suppose 0*k + k - 1532 = -4*g, 0 = -4*k - 5*g + 6172. Let t be 6/14 - k/(-63). Let o = 42 - t. Does 9 divide o?
False
Suppose -2*s + 12 = 4*s. Suppose 0 = s*j - 2 - 24. Is 13 a factor of j?
True
Let g(n) = -17*n + 43. Let s(c) = -4*c + 11. Let q(z) = 4*g(z) - 18*s(z). Does 9 divide q(11)?
True
Let i be 8 - (-12)/(-3) - -11. Let c = 9 + i. Is c a multiple of 12?
True
Let w be (-228)/(-16) + (-2)/8. Let c be 522/w - 10/35. Suppose c = 2*x - 2*y - 69, 4*y = 20. Does 19 divide x?
False
Is (-33)/(-88)*-4*(-1730)/3 a multiple of 13?
False
Let r(d) = -4*d + 18*d - 20 - d**2 + 4*d**2 - 4*d**2. Suppose 26 = 9*w - 46. Is 14 a factor of r(w)?
True
Let u(v) be the second derivative of v**3/6 + 13*v**2/2 + 7*v. Does 3 divide u(-9)?
False
Let u(s) be the second derivative of 3*s**5/20 - 3*s**4/4 + s**3/6 + 13*s. Is u(4) a multiple of 45?
False
Suppose 0 = k + 4*h - 7, 5*k - 6 - 6 = 3*h. Suppose x = 2*y - 0*y - 12, 3*y - x = 20. Suppose -y*m = -k*m - 215. Does 10 divide m?
False
Does 13 divide 39771/36 - 8/(-32)?
True
Let v be 59 - 2/(-4)*-2. Suppose -6*t + v = -302. Is t a multiple of 20?
True
Suppose -25 = -13*l + 12*l. Does 5 divide l?
True
Let o = -306 + 457. Is 21 a factor of o?
False
Suppose 3*l = g - 670, 12*l - 9*l - 2605 = -4*g. Does 5 divide g?
True
Let q(x) be the first derivative of -x**5/60 + x**4/2 + x**3/3 + x**2 + 3. Let u(t) be the second derivative of q(t). Is 2 a factor of u(12)?
True
Let d(l) = -8*l**2 - 4*l + 3. Let h